
3
Let c(q) = -3*q**3 - 4*q**3 + 6*q**3. Let y be c(-1). Suppose 3*t = 4*r - 5, 0 = 4*r + y - 21. What is the units digit of t?
5
Let x(o) = 5*o + 35. Let u(b) = 9*b + 70. Let c(d) = 3*u(d) - 7*x(d). What is the units digit of c(-8)?
9
Suppose -35*x + 32678 = -5192. What is the thousands digit of x?
1
Suppose -5*v + v = 0. Suppose 4*d - 200 = -4*w, -2*d + 72 = -v*d - 5*w. What is the tens digit of d?
4
Let o(l) = -2*l + 1. Let v be o(7). Let g = v - -68. Suppose 0*y = -5*y + g. What is the tens digit of y?
1
Let j = -4 + -27. Suppose -8 = -8*v + 16. Let k = v - j. What is the tens digit of k?
3
Let t be (186/(-4))/((-69)/92). Suppose -t - 168 = -5*u. What is the units digit of u?
6
Let x(w) = -16*w**2. Let a be x(-1). Let p be 3 + (-2 - 1) - 72. Let g = a - p. What is the tens digit of g?
5
Suppose 3*y = -5*l - 86, -l - 8 = -4*y - 0*y. What is the units digit of 4/(-8)*l + 2?
0
Let t(b) = -b**3 + b**2 - 5. Let c be t(0). Let s = -1 - c. Suppose n = -2, 0*n = s*l + n - 22. What is the units digit of l?
6
Let a(h) = h**3 + 1. Let o(d) = -4*d**3 - d - 30. Let b(f) = -5*a(f) - o(f). Let z be (-4 - -7)/(-3) - -1. What is the units digit of b(z)?
5
Let y be ((-10)/4)/((27/(-222))/(-9)). Let d = 327 + y. What is the units digit of d?
2
Suppose 2*c + 4*o + 438 = 2*o, 5*o = 4*c + 894. Let b = 6 - c. What is the tens digit of b?
2
Let v(o) = 98*o + 5. Let g be v(1). Let u = g + -49. What is the tens digit of u?
5
Let f = 34 - 32. Suppose 0 = -d - 5*i - 3 - 19, -5*i - 70 = 5*d. Let o = f - d. What is the tens digit of o?
1
Let w = -76 + 676. What is the hundreds digit of w?
6
Suppose -3*z - 3*o + 22 = -1736, 2*z + o = 1170. What is the hundreds digit of z?
5
Suppose 4*l - 4*q - 2470 - 494 = 0, -6*q = -2*l + 1486. What is the units digit of l?
0
Suppose 0 = 2*y - 4*z - 8, 5*z = 2*y - 11 + 1. Suppose 4*u = 0, -5*o + u + u + 45 = y. Suppose 5*p = o + 1. What is the units digit of p?
2
Let x = 50 - -16. Let o = -67 + 97. Let t = x - o. What is the units digit of t?
6
Let s = -264 + 259. Suppose 6*l + 50 = 3*l + 5*r, -4*r + 56 = -4*l. What is the tens digit of l*(4 - (-34)/s)?
2
Let m be (-15)/10*(-10)/3. Let s be m/35 - 16/14. What is the units digit of ((-3)/s)/(3/7)?
7
Let t = 3218 - 1809. What is the thousands digit of t?
1
Let k = -1 + 6. Suppose 0 = -k*p + p + 116. Let y = p + -10. What is the tens digit of y?
1
Let o(b) = 2*b**2 + 9*b + 16. Suppose s - 4 = -11. Let a be 30/(-70) - (-46)/s. What is the units digit of o(a)?
1
What is the units digit of (-894)/(-2) + 12 + (-9 - -2)?
2
Let o be (-3)/7 - 66/(-7). Suppose -n - 22 = -4*u, -6 = -3*u + o. What is the tens digit of (2 - n)/((-11)/(-165))?
6
Suppose -19*k + 2074 = -2*k. What is the tens digit of k?
2
Let w(h) = 21*h**3 + 2*h**2 - 4*h + 1. Let j = -12 + 14. What is the hundreds digit of w(j)?
1
Let p = -16 + 3. Let b = p - -15. Suppose -b*c - 3*c = -105. What is the tens digit of c?
2
Suppose -4*l - 5*g = -33, -2*l + 18 = 2*l + 2*g. Suppose -3*x - 208 = -3*n - n, -118 = -l*n - 2*x. What is the units digit of n?
5
Let n = 1637 + -905. What is the units digit of n?
2
Let v(f) = -3*f**3 - 5*f**2 - 7*f - 5. Suppose -2*t - 10 = 3*t. What is the units digit of v(t)?
3
Let k be 8/36 + (-692)/36. Let o = k + 29. What is the tens digit of o?
1
Suppose -f - 4*u - 19 = 0, -6*f = -2*f - 3*u - 19. Let j(a) = 2*a**2 - 50*a - 33. Let z be j(27). Suppose 2*v - z = f. What is the units digit of v?
8
Let t(d) = -4*d**2 - 5 + 1 + 3*d**2 - 14*d. What is the units digit of t(-7)?
5
Suppose -5*q - 4*t + 7 = 0, 0*t + t = -2. Suppose -5*c + 5*a = -795, -q*a = 2*c + a - 348. What is the tens digit of c?
6
Suppose 0*y - 7*y = -2583. Suppose 41 = -4*a + y. What is the units digit of a?
2
Let t(s) = 171*s**2 + 12*s - 64. What is the hundreds digit of t(5)?
2
Let h = 1307 + 230. What is the thousands digit of h?
1
Let w(d) be the second derivative of d**6/60 + d**5/60 - d**4/24 - d**2/2 - 9*d. Let m(j) be the first derivative of w(j). What is the units digit of m(1)?
2
Let f(z) = -679*z**3 - 2*z**2 - 8*z - 15. What is the hundreds digit of f(-2)?
4
What is the tens digit of (228 - -126)/((-3)/(-32))?
7
Let r(a) = -3*a - 4. Let k be r(-3). Let x = -22 - -22. Suppose -n = -x*d - 3*d + 27, -k*d + 45 = 5*n. What is the units digit of d?
9
Suppose -54*j - 1880 = -59*j. What is the tens digit of j?
7
Let j be (2 + 0)*1/1. Suppose -2*c + 0*c + 282 = j*a, c = -3*a + 149. What is the units digit of c?
7
Let u be -10*5/(-6)*9. Let o = -498 + 455. Let l = u + o. What is the tens digit of l?
3
Let i(g) be the first derivative of -g**4/4 - g**3/3 - g**2/2 + 2*g + 5. Let v be i(0). What is the units digit of 4/v*(-198)/(-12)?
3
Suppose -341 = -6*j + 1915. What is the hundreds digit of j?
3
Let r(y) = y + 5. Let z be r(-5). Suppose -f + 28 = x, 0*f + 5*f + x - 156 = z. Let c = 49 - f. What is the units digit of c?
7
What is the hundreds digit of (2728/(-5))/(-4) - 22/55?
1
Suppose 3*y + 9 = 0, -5*k + k + 4*y + 256 = 0. Let f = k + -7. What is the tens digit of f?
5
Let l(i) = 33*i + 43*i**2 - 19*i**2 - 15 - 26*i**2. What is the units digit of l(16)?
1
Let y be ((-15)/((-735)/(-56)))/(8/(-28)). Suppose -8*a + 20 = -5*j - 4*a, -10 = -2*a. Suppose j = -y*x + 5*x - 58. What is the units digit of x?
8
Let g(y) = y**2 + 4*y + 2. Let a be g(-3). What is the tens digit of 74/6 + a/3?
1
Suppose 0 = -6*p + 21515 - 1199. What is the units digit of p?
6
Let d = -2 - -8. Let p be ((-8)/6)/(d/(-9)). What is the units digit of (-5)/p*(1 - 3)?
5
What is the hundreds digit of (-216)/45*(-1010)/3?
6
Let s(g) = 6*g + 3. Let w be s(1). Let d(c) = c**2 - 8*c + 22. What is the tens digit of d(w)?
3
Let x = -1263 - -4436. What is the units digit of x?
3
Suppose -v + 5 = -2*v, -5*v + 47 = 4*w. Let o be (4/10)/(w/450). Suppose 0 = 6*n - n - o. What is the units digit of n?
2
Let h be (-3)/1 - (-49 - 0). What is the tens digit of (67/(-4))/(-6 - h/(-8))?
6
Suppose 0 = -23*s - 109 + 1098. What is the tens digit of s?
4
Suppose l - 5*d - 1607 = -89, 0 = -l + 4*d + 1522. What is the hundreds digit of l?
5
Let t be (-3078)/(-126) - 6/14. Suppose 0 + t = 2*v. What is the tens digit of v?
1
Suppose -4*m + 2*m + 5*y = -24, 3*y + 4 = -4*m. Let u = -24 + 36. Suppose 0 = -4*j - m*n + u, 0 = 2*j - 3*j - 5*n - 6. What is the units digit of j?
4
Let a = -1282 + 2475. Suppose -l + a = 7*t - 3*t, 0 = -5*t - 5*l + 1510. What is the tens digit of t?
9
Let g = 45 - 32. Let d = 36 + g. What is the units digit of d?
9
Let l(b) = -3*b**2 + 5*b + 6. Let g(i) = -2*i**2 + 4*i + 5. Let p(o) = 4*g(o) - 3*l(o). What is the units digit of p(0)?
2
Let o be (1 - -435)*(-3)/(-12). Let k = o + -69. Suppose -2*g + k = -0*g. What is the units digit of g?
0
Let p(a) = -40*a. Let k(b) = -2*b + 17. Let l be k(9). What is the tens digit of p(l)?
4
Let m(a) be the first derivative of a**3 + 9*a**2/2 - 13*a + 9. What is the units digit of m(4)?
1
Let h(k) = 160*k**2 - 35*k - 14. What is the tens digit of h(-4)?
8
Let c be (-1)/((-686)/(-168) - (0 - -4)). What is the units digit of (-45)/c + -2 + 9/4?
4
Suppose -26*o = -32*o + 1224. What is the units digit of o?
4
Let o(s) = -s**3 - s**2 + 11*s - 4. Let n be o(-5). Let q = n - 23. What is the units digit of q?
8
Suppose 0 = -9*s + 14*s - 375. Let w be s/10*2/3. Suppose w*t = 2*h + 3*h - 150, 5*h + 2*t - 143 = 0. What is the tens digit of h?
2
Let x(t) = -t**3 + 3*t**2 - t - 8. Let l(a) = -2*a**3 + 7*a**2 - 2*a - 15. Let u(o) = 2*l(o) - 5*x(o). What is the tens digit of u(4)?
6
Let n(c) = 162*c - 480. What is the units digit of n(20)?
0
Suppose 0*t - 24 = -4*t. Suppose 72 = 8*j - t*j. Suppose -12 = u - j. What is the tens digit of u?
2
Suppose -2*d + 48 = -8*d. Let p = 24 + d. What is the tens digit of p?
1
Suppose j - 4*y - 297 = y, -3*y + 1211 = 4*j. What is the units digit of j?
2
Let u = 94 + -15. Suppose -u - 61 = -2*o. What is the units digit of o?
0
Suppose 0 = l - 7*l + 5040. What is the tens digit of l?
4
Suppose 21 = 8*w - 91. What is the units digit of (-38)/(-6) - w/42?
6
Let h = 850 + -599. What is the tens digit of h?
5
Let k(t) = -42*t**3 - 4*t + 3. Let m be k(2). Let w = m - -490. What is the hundreds digit of w?
1
Let u(z) = 2*z**3 + 3*z**2 + 0*z - 1 - z**3 - 9*z**2 + 6*z. Let s be u(5). Suppose 0 = 5*g - s*g - 38. What is the tens dig